-35d368a?
35d3685
In base 13, what is 3c + ac9?
b38
In base 2, what is 1011001 - -1000111010100101110?
1000111010110000111
In base 16, what is eb0a2 - -4?
eb0a6
In base 7, what is 0 - -1340504603?
1340504603
In base 14, what is 8dbbd - -10?
8dbcd
In base 2, what is 110000010111011 - 111101101?
101111011001110
In base 14, what is -1a - 35201?
-3521b
In base 15, what is -557837c + 5?
-5578377
In base 4, what is 222 - -10102213022?
10102213310
In base 14, what is 34 - 64c2b0?
-64c27a
In base 9, what is 2321 - 611?
1610
In base 14, what is -50 - -2645b?
2640b
In base 10, what is 5038707 + -49?
5038658
In base 4, what is -130 - -10222230222?
10222230032
In base 15, what is -7396b - -24?
-73947
In base 11, what is -3 + 21936246?
21936243
In base 4, what is -3111033 + 22132?
-3022301
In base 13, what is -15 - c5232?
-c5247
In base 10, what is 4 + 4557924?
4557928
In base 11, what is 59 - -5073?
5121
In base 7, what is -2256 + 211106?
205520
In base 4, what is -1220230 - -21220131?
13333301
In base 16, what is -11 + ee901?
ee8f0
In base 12, what is -6 - -2b8677?
2b8671
In base 12, what is 3 - 186b780b?
-186b7808
In base 4, what is 32 + -2220222212?
-2220222120
In base 7, what is 5611 - 240264?
-231353
In base 2, what is -1011101110010000111101001111 - 11?
-1011101110010000111101010010
In base 16, what is -f9ee00 + -3?
-f9ee03
In base 12, what is -4b9 - 5a164?
-5a661
In base 16, what is -a74c1 + 1e?
-a74a3
In base 7, what is -11411331 + 15?
-11411313
In base 2, what is -101010000000100 + 11010011100110?
-1111100011110
In base 14, what is -88 + -27dc04?
-27dc8c
In base 8, what is 25606413 - -4?
25606417
In base 5, what is 1 + -24131320244?
-24131320243
In base 4, what is -101321010011212 - 11?
-101321010011223
In base 6, what is 51 - -41111552?
41112043
In base 16, what is 9a521 + -1?
9a520
In base 7, what is -2633051 - 1416?
-2634500
In base 16, what is 2 - -562ae85?
562ae87
In base 10, what is 209809150 - -1?
209809151
In base 14, what is -15d1 - -413b?
294a
In base 11, what is -6297a1 - -3?
-629799
In base 15, what is -12b6 + -add?
-1da4
In base 10, what is -27988536 - 3?
-27988539
In base 12, what is 0 + 5398a3?
5398a3
In base 8, what is 4242577 + 4?
4242603
In base 13, what is -2056799 + 0?
-2056799
In base 10, what is 5135112 - 4?
5135108
In base 8, what is 1564064 + 1230?
1565314
In base 2, what is 111011000 - -1110110100110110?
1110111100001110
In base 5, what is -4411112 + 1204?
-4404403
In base 2, what is 1000010011111010110111 + -1000?
1000010011111010101111
In base 10, what is 5397032 + 36?
5397068
In base 14, what is -7291b47 + -5?
-7291b4c
In base 3, what is 110100220 + 201220221?
1012021211
In base 13, what is 3b56 + 1105c?
14bb5
In base 13, what is 1900 + -270c?
-b0c
In base 10, what is 9 - 337173?
-337164
In base 9, what is -1407525 + 6?
-1407518
In base 2, what is -10101000111001111000001 + -111?
-10101000111001111001000
In base 5, what is 4424 + -233330?
-223401
In base 13, what is -2ca30 - 89?
-2cab9
In base 14, what is 1921a8c2 + -4?
1921a8bc
In base 5, what is 2103000 + -221?
2102224
In base 3, what is 1 + -11222022222100?
-11222022222022
In base 12, what is -1 + -87a3b67?
-87a3b68
In base 13, what is ba223a6 + b?
ba223b4
In base 3, what is 2110020002112 + 1222?
2110020011111
In base 13, what is 42870 - 7a?
427c3
In base 10, what is 151999 + 10?
152009
In base 6, what is 53210541 + -1141?
53205400
In base 7, what is -545623 + -330?
-546253
In base 11, what is 2 + -350a21?
-350a1a
In base 13, what is -14 - -3662b0?
366299
In base 12, what is 1a7 - 24338?
-24151
In base 7, what is 15 + 2643610?
2643625
In base 5, what is 2112004310 + -1411?
2112002344
In base 9, what is 13857 - -607?
14565
In base 5, what is 11400034 + 1423?
11402012
In base 12, what is 3b89 - -1197a?
15947
In base 9, what is 8043831 + 2?
8043833
In base 14, what is 1271a7 - -201?
1273a8
In base 14, what is 4 - 169ca9?
-169ca5
In base 5, what is -40 + -3200222401?
-3200222441
In base 10, what is 33 - 313986?
-313953
In base 14, what is 4 + d067943?
d067947
In base 11, what is -3013280 - -69?
-3013212
In base 2, what is 1001000000101010 + -1111101101?
1000110000111101
In base 7, what is -1011 + 141513?
140502
In base 2, what is -100 - -1000001110000101010001101011?
1000001110000101010001100111
In base 6, what is -1211440224 - -14?
-1211440210
In base 11, what is -9 + -4890343?
-4890351
In base 9, what is -586254 - -548?
-585605
In base 16, what is 3 - 1a6ef52?
-1a6ef4f
In base 16, what is 2275b3 + 89?
22763c
In base 11, what is 19437 + 7031?
25468
In base 14, what is 32 - 4a26a2?
-4a2670
In base 7, what is 505233 - 2146?
503054
In base 14, what is -4557 + 1110?
-3447
In base 4, what is -30231 - 303231?
-1000122
In base 12, what is -19 - 47b594?
-47b5b1
In base 6, what is -1 + -3404335100?
-3404335101
In base 4, what is 3 + -31322001100222?
-31322001100213
In base 14, what is 106b45b - -16?
106b473
In base 10, what is -4 - -22867691?
22867687
In base 7, what is 2620 + -33101?
-30151
In base 13, what is -3484 - 74a?
-3c01
In base 14, what is 54c - -24731?
24c7d
In base 13, what is -73 + 28a0c9?
28a056
In base 14, what is -168 + -44c80?
-45008
In base 13, what is -51a50 + -3?
-51a53
In base 2, what is -1110000010011111010101 - -11?
-1110000010011111010010
In base 7, what is -2452 + 21620?
16135
In base 8, what is -760645611 - -1?
-760645610
In base 14, what is -5 - 822470?
-822475
In base 15, what is 422 + 24d8a?
252ac
In base 2, what is -101110010100 - -101000?
-101101101100
In base 16, what is -1444a96 + -4?
-1444a9a
In base 6, what is 251145 + -5055?
242050
In base 11, what is 4537aa + -61?
453749
In base 14, what is -5 - 35b7b5?
-35b7ba
In base 4, what is -12102201002 - -300?
-12102200102
In base 6, what is -5 + 514430300?
514430251
In base 5, what is 2320343 + 103303?
2424201
In base 2, what is 1100 + 10101010101100000110?
10101010101100010010
In base 13, what is 6 + -597994c?
-5979946
In base 8, what is -20574500 - -3?
-20574475
In base 13, what is b86369 + 2b?
b86397
In base 9, what is 1 + -55544526?
-55544525
In base 2, what is 101001011001010 + 100111111101?
101110011000111
In base 12, what is 3175 - -137?
32b0
In base 6, what is -2 + -244233400?
-244233402
In base 16, what is 278c2 - -a49?
2830b
In base 14, what is 837d - -8607?
12986
In base 5, what is 13314312103 - 21?
13314312032
In base 2, what is -101011010010 - 100110100011001000?
-100111001110011010
In base 4, what is 123101330211 + 3?
123101330220
In base 14, what is 12d03c6 - 2?
12d03c4
In base 9, what is 3 - -11320425?
11320428
In base 11, what is -57 - 34?
-90
In base 14, what is -10cb + -1163?
-2250
In base 7, what is 4442003414 - 5?
4442003406
In base 9, what is 324 - 41102?
-40667
In base 13, what is 16823 - ab78?
8978
In base 14, what is -48a571 - 1?
-48a572
In base 5, what is -4 + 1032321110?
1032321101
In base 2, what is -1000001011111110100100 - -1001100?
-1000001011111101011000
In base 15, what is -2b0 + -a0d?
-cbd
In base 15, what is 2a1 - -6817?
6ab8
In base 7, what is 325 - 356320?
-355662
In base 5, what is -2012 - -224423120?
224421103
In base 3, what is 220020202 - 121212?
212121220
In base 7, what is -1 - 266163215?
-266163216
In base 16, what is -24d + -1f1b3?
-1f400
In base 8, what is 2252 - 14130?
-11656
In base 6, what is 1235350210133 + 3?
1235350210140
In base 12, what is -46a74386 + 9?
-46a74379
In base 11, what is 5534aa + -35?
553475
In base 5, what is 3 - 300430341?
-300430333
In base 8, what is 53341 + 32163?
105524
In base 9, what is 3 - 1305201?
-1305187
In base 6, what is 405200 + 13343?
422543
In base 14, what is -23c6 + d5d7?
b211
In base 5, what is 324040 + 2312?
331402
In base 2, what is -1 - 1100011010101110100000?
-1100011010101110100001
In base 9, what is -45576584 - 7?
-45576602
In base 15, what is -2 - -4ec1224?
4ec1222
In base 8, what is 0 - -21647664?
21647664
In base 7, what is 20120164 + -100?
20120064
In base 9, what is 106 + -7517701?
-7517584
In base 6, what is -12145414101 - 0?
-12145414101
In base 9, what is -2532130 + -88?
-2532228
In base 2, what is -1111100000110 - -111111100001?
-111100100101
In base 12, what is -5ba5944 - 54?
-5ba5998
In base 15, what is -4e30b2a + -9?
-4e30b34
In base 3, what is 10012020222211 + -20?
10012020222121
In base 11,